 = -8*c + 92. Let v be f(13). Give t(v).
-14
Let h(u) = u**3 - 2*u**2 - 4. Let n be (-18)/4 + 3 - (-27)/6. Give h(n).
5
Let o(l) be the third derivative of l**4/8 + 2*l**3/3 - 5*l**2. Let h = 28 - 31. What is o(h)?
-5
Let h(b) = 5*b**2 + 9*b + 2. Let s(n) = -3 - n**2 + 2 + 2 - n - 2. Let m(y) = -h(y) - 6*s(y). Let r be m(3). Let a(w) = w**3 - 4*w**2 + 4*w - 2. Give a(r).
14
Let i be -1174*-2*4/16. Let u(o) = -o + i + o**2 - 5*o**3 - 587. What is u(1)?
-5
Let l(y) be the first derivative of y**4/4 + 4*y**3/3 + 3*y**2/2 - 4*y + 248. Calculate l(-3).
-4
Let x = -21 + 20. Let f be x/(0 - 4/8). Let j(q) = -q**3 - 3*q**2 + 3*q. Let r(m) = m**3 + 7*m**2 - 7*m. Let o(y) = f*r(y) + 5*j(y). Calculate o(1).
-3
Let o be (-3)/(-4) + 2/8. Let z(u) = 33*u**3 - 7*u**2 - 17*u + 41. Let a(i) = -13*i**3 + 3*i**2 + 7*i - 17. Let j(q) = 12*a(q) + 5*z(q). What is j(o)?
10
Let u = -697 - -695. Let k(z) = 10*z - 2. Give k(u).
-22
Let j(n) be the first derivative of n**4/12 + n**3/6 + n**2/2 - 27*n - 31. Let h(f) be the first derivative of j(f). Let v = 0 - 0. What is h(v)?
1
Let w(v) = -v**2 + 9*v - 11. Suppose 81 = 14*o - 31. Give w(o).
-3
Let u(f) be the first derivative of -f**2/2 - 5*f - 27. Calculate u(-4).
-1
Let s(w) = w + 3. Suppose -u - 20 = 5*g - 56, -2*u = -4*g + 40. Calculate s(g).
11
Let v(f) = 19*f - f - 17*f + 5. Determine v(-6).
-1
Let l(c) = -5*c**3 + 10*c**2 + 4*c + 6. Let b(f) = 8*f**3 - 18*f**2 - 7*f - 10. Let i(j) = 3*b(j) + 5*l(j). Determine i(-2).
-6
Let g(j) be the third derivative of j**4/6 + j**3/2 + 89*j**2 - 4*j. Calculate g(4).
19
Let w(y) = y + 1. Let q(l) = -l**3 + 11*l**2 - 18*l + 24. Let v(z) = -q(z) + 3*w(z). Give v(9).
6
Let r(u) = u**3 - u**2 + u + 23. Suppose -6*t + 11*t = -5*c, 0 = -5*t + c. Give r(t).
23
Let l be (1 + -3)/((3 - 0)/(-3)). Let v(p) = -p**3 + 16*p**2 - p + 21*p**l - 36*p**2 + 5. Give v(0).
5
Let t(z) = -9*z - 40*z**2 - 1 + 30*z**2 + 1 + 2*z**2 - z**3. Let w(v) = -v**3 - 8*v**2 - 6*v. Let i be w(-7). What is t(i)?
14
Let j(m) be the first derivative of -m**2 - 5 - m + 1/20*m**5 + 1/6*m**3 - 1/4*m**4. Let f(g) be the first derivative of j(g). What is f(3)?
1
Let g(i) = i + 3. Let c(q) = -1. Let v(o) = 3*c(o) + g(o). Let a(x) = -x - 7. Suppose -4*w - 5 = 7. Let z be a(w). Give v(z).
-4
Let c(d) be the second derivative of -d**5/20 - d**4/3 - d**3/2 - 5*d**2/2 + 70*d - 1. Give c(-4).
7
Let c be (3 + -2)*-4 + 7. Let t be ((-39)/9 + c)*3. Let a(p) = -p**3 - 3*p**2 + 4*p + 2. What is a(t)?
2
Let g = 19 - -4. Let d = -20 + g. Let m = d + -5. Let h(a) = -3*a - 2. What is h(m)?
4
Let t(y) = -33*y - 32. Let i(q) = 6*q. Let l(z) = -4*i(z) - t(z). Determine l(-4).
-4
Let a be (425/(-20))/17 - (-2)/8. Let y(z) be the first derivative of -2*z**4 + z**2 + z + 4. What is y(a)?
7
Suppose 16 = 10*h - 4. Let m(z) = -z**3 + 27*z**2 + 1 - 10*z**2 - 10*z**2 - 3*z**2 + h*z. Determine m(5).
-14
Let q(s) = 2*s**3 + s**2. Let a(p) = 9*p**3 - 2*p + 1. Let x be a(1). Let c be x/10 - (-12)/60. What is q(c)?
3
Let w be 1 + 8 + (8 - 5). Let h(s) = s**3 - 14*s**2 + 23*s + 12. Let v be h(w). Let y(f) = f**3 + f**2 + f + 2. What is y(v)?
2
Let b(o) be the third derivative of o**6/360 - o**5/24 - 11*o**4/24 - 23*o**3/6 - 21*o**2. Let c(y) be the first derivative of b(y). Calculate c(8).
13
Let l(u) be the third derivative of u**4/24 - 2*u**2 + 215*u. Give l(2).
2
Let z = -1114 + 1109. Let g(w) = w + 9. Calculate g(z).
4
Let a(h) = 5*h + 5. Let b(s) = -s. Let k(z) = a(z) + 4*b(z). Calculate k(-7).
-2
Let b(o) = -o**2 - 11*o. Let u(r) = 2*r + 32. Let d be u(-21). What is b(d)?
10
Let k(m) = -m + 3. Suppose 0 = -25*t + 28*t + 6, 0 = -3*i - 4*t + 4. Let y = -4 - -6. Suppose p = -5*j - 15, y*p + 10 = -j - i*j. What is k(p)?
-2
Let g(q) = 3*q**3 - 5*q**2 - 2*q + 5. Let o(b) = -7*b**3 + 10*b**2 + 5*b - 7. Let p(k) = 5*g(k) + 2*o(k). Give p(5).
11
Suppose 4*w + 3*c = -2 + 3, 4*w + 1 = -5*c. Let u(n) = -5*n**2 + 3*n + 3. Let v(a) = 29*a**2 - 17*a - 17. Let s(x) = -34*u(x) - 6*v(x). What is s(w)?
-4
Let z(b) = -2*b - 7. Let g(l) = -l**3 + l**2 - 3*l + 5. Let h be g(2). Let a(i) = -3*i - 15. Let f(m) = h*z(m) + 3*a(m). What is f(7)?
-3
Let n = 23 + -21. Suppose 0 = n*t, t = -2*i - 3*i + 580. Let x(w) = -2*w + 1 - i*w**2 + 8*w**3 + 116*w**2. Calculate x(1).
7
Let h(b) = -12*b - 4. Suppose 222*r = 211*r - 11. Determine h(r).
8
Let u(d) = -2*d - 4. Let a(o) = -o**2 - o + 27. Let l be a(-6). Calculate u(l).
2
Let n(v) = -v**2 + 8*v - 3. Let k(x) = 2*x**2 - 15*x + 7. Let z(i) = 2*k(i) + 5*n(i). Calculate z(10).
-1
Let i(w) = -w**3 + 12*w**2 - 10*w - 9. Let b be i(11). Let f(y) be the second derivative of 0*y**3 + 0 + 0*y**2 - 3*y - 1/6*y**4. Give f(b).
-8
Let w(m) = m - 1. Let p = 49 - 54. What is w(p)?
-6
Let x(r) = -r + 1. Suppose -3*y - 7 = 5*p, -y = 2*p + 3*y + 14. Let s(w) = 7*w - 8. Let a(i) = p*s(i) + 6*x(i). Give a(-4).
-6
Let y = -656 + 638. Let z(h) = h + 12. Determine z(y).
-6
Let l(u) = -8*u**2 + 3*u - 1. Let g(t) = -5*t**2 + 26*t - 3. Let f be g(5). Determine l(f).
-27
Let f(m) = 83*m + 2*m**2 - 85*m + 0*m**2. Let s be f(2). Let v(x) = x - 1. What is v(s)?
3
Let l(a) = -5*a**2 - 10*a - 4. Let w(i) = 14*i**2 + 30*i + 13. Let z(p) = -17*l(p) - 6*w(p). Calculate z(12).
14
Let n(t) be the second derivative of 25*t - 1/20*t**5 + 0 - 7/2*t**2 - 1/2*t**3 - 1/2*t**4. Give n(-6).
11
Let u(v) = -26*v**3 + 2*v + 1. Let h be (6 - -1 - 5) + (-2)/1. Suppose 3*q - 2*o - 5 = 0, 4*q + h*q - o = 0. Calculate u(q).
25
Let i(j) = 9*j + 4. Let b be (2/4)/(2/(-28)). Let x(m) = 18*m + 11. Let d(k) = -126*k - 78. Let r(w) = 2*d(w) + 15*x(w). Let h(u) = b*i(u) + 3*r(u). Give h(-1).
8
Let u(m) = m**2 - 15*m - 3. Let l be u(17). Suppose 9*f + 19 = -4*b + 4*f, 5*b + l = f. Let r(k) = k + 3. Calculate r(b).
-3
Let f(t) = t**3 + 5*t**2 + 3*t - 4. Let x = -11 - -15. Suppose -8 = 2*o + x. Let u be (-6)/(-5)*20/o. What is f(u)?
0
Let a be -20 - (-1 + 1 + -3). Let m(x) = x + 9. Let i(t) = -3*t - 27. Let w(r) = a*m(r) - 6*i(r). Let s be (2 - 2 - 0)/(-2). Determine w(s).
9
Suppose 2*x = -5*g + g + 2, 11 = 3*x + 2*g. Let y(w) = -5*w**2 - 18*w - 2. Let t(d) = -6*d**2 - 20*d - 3. Let c(a) = x*y(a) - 4*t(a). Calculate c(-8).
18
Let q = 119 - 77. Let y(d) = -d**2 + 47 - 3*d - q - 4*d. What is y(-8)?
-3
Suppose 0 = 5*g - 8*g + 4*l + 11, 33 = 5*g - 3*l. Let z(y) = y**2 - 8*y - 7. Calculate z(g).
2
Let y(o) = 2*o**2 + 8*o + 4. Let u be y(-4). Let t(k) = -6*k + 3*k + 2*k - 2. Calculate t(u).
-6
Let f(d) = -d + 2. Suppose 55*a - 144 = 31*a. Calculate f(a).
-4
Let d(r) = -2*r**2 - 8*r + 5. Let v(a) = a**2 - 3 - 10*a + 14*a + 0*a**2. Let t(n) = -3*d(n) - 5*v(n). Give t(-5).
5
Let o(p) = p**3 - 4*p**2 - 3*p - 4. Let r(l) = -8*l + 21. Let a be r(2). What is o(a)?
6
Let j(o) = -2*o**3 + 5*o**2 - 13*o + 9. Let y(t) = t**3 - 3*t**2 + 7*t - 5. Let g(x) = -6*j(x) - 11*y(x). Let v be ((-3)/2)/(3/4). Determine g(v).
3
Let v = 13 - 11. Let n be (-10)/(-14) - (-14)/49. Suppose -v*r - n = -r. Let u(y) = -5*y**2 + 1. Determine u(r).
-4
Let f(j) be the first derivative of j**3 + j**2/2 + 131. Give f(-1).
2
Let c(a) = 2*a - 27. Let j be c(14). Let y(g) = g + 5 + j - 7. Determine y(1).
0
Let k(o) = -o**2 + 3*o + 3. Suppose -6*l + 0*l = 0. Let h be (-2)/(-4)*2 - l. Let v(b) = 1. Let s(a) = h*k(a) - 5*v(a). Calculate s(3).
-2
Let n(d) = -27*d**3 + 56 - 4*d - 58 + 2*d**2 + 29*d**3. Calculate n(-2).
-2
Let d be 25/(-5) - (-4 + -5). Suppose 0 = -5*y + 20, -3*y = -d*m - 0*y. Let w(c) = 2*c**3 - 3*c**2 - 4*c - 1. Calculate w(m).
14
Suppose -3*r + 28 = r - 4*o, 2*o + 4 = 0. Let j = 85 - 60. Let v(p) = 21 - j + 0*p - p + 0*p. Give v(r).
-9
Let w(q) be the first derivative of q**5/60 + q**4/4 - q**3/2 + 5*q**2 - 3. Let f(s) be the second derivative of w(s). Determine f(-6).
-3
Let r(v) be the second derivative of -v**5/20 + v**3/3 + 3*v**2/2 - 172*v. Calculate r(-3).
24
Let g(v) = 7*v - 7. Let m(l) = -17*l + 19. Let y(h) = -8*g(h) - 3*m(h). Determine y(-6).
29
Let n(j) = j - 3. Let w(h) = -h**2 - 2*h + 7. Let q be w(-3). Suppose 5*l + 10 = -q*t - 4, -3*t + 2*l - 22 = 0. Determine n(t).
-9
Let y = -564 - -573. Let c(f) = -f + 5. Calculate c(y).
-4
Let u(j) = 6*j**2 + 7*j + 7. Let a(b) = -5*b**2 - 7*b - 6. Let g(c) = -4*a(c) - 3*u(c). Let d = -25267 + 25262. Give g(d).
18
Let g be (-469)/(-14) - ((-18)/4)/3. Let c(f) = f -